{"id":51,"date":"2024-09-15T20:48:14","date_gmt":"2024-09-15T20:48:14","guid":{"rendered":"https:\/\/tenteatr.art\/?page_id=51"},"modified":"2024-09-15T21:28:54","modified_gmt":"2024-09-15T21:28:54","slug":"praca","status":"publish","type":"page","link":"https:\/\/teatrartenes.pl\/index.php\/praca\/","title":{"rendered":"Praca"},"content":{"rendered":"\n<p><\/p>\n\n\n\n<p><\/p>\n\n\n\n<p><\/p>\n\n\n\n<p><\/p>\n\n\n\n<p>Praca dla aktorek i aktor\u00f3w<br>Teatr ARTENES poszukuje os\u00f3b z pasj\u0105 do aktorstwa, gotowych do udzia\u0142u w sezonowych spektaklach na terenie ca\u0142ego Polski. Oferujemy tw\u00f3rcz\u0105 i przyjazn\u0105 atmosfer\u0119 pracy, mo\u017cliwo\u015b\u0107 wymiany do\u015bwiadcze\u0144, rozw\u00f3j artystyczny oraz wsp\u00f3\u0142prac\u0119<\/p>\n\n\n\n<p>Wymagania:<br>\u2013 dobra dykcja<br>\u2013 \u015bmia\u0142o\u015b\u0107 i komunikacja<br>\u2013 poczucie humoru<br>\u2013 pozytywne nastawienie<br>\u2013 kreatywno\u015b\u0107<\/p>\n\n\n\n<p><\/p>\n\n\n\n<p>Osoby prosimy o przes\u0142anie CV, zdj\u0119cia oraz kr\u00f3tkiego opisu swojej osoby, a tak\u017ce rozmiaru obuwia na adres: biuro@artenes.art .<\/p>\n\n\n\n<hr class=\"wp-block-separator alignfull has-alpha-channel-opacity is-style-wide\" style=\"margin-top:var(--wp--preset--spacing--50);margin-bottom:var(--wp--preset--spacing--50)\"\/>\n\n\n\n<div style=\"height:100px\" aria-hidden=\"true\" class=\"wp-block-spacer\"><\/div>\n\n\n\n<p>Praca dla Realizator\u00f3w i Asystent\u00f3w Realizator\u00f3w<br>Teatr ARTENES poszukuje realizator\u00f3w oraz ich pomocnik\u00f3w do pracy na ca\u0142ym terenie Polski. poznanie ciekawych miejsc i ludzi, a tak\u017ce do udzia\u0142u w tw\u00f3rczym \u015bwiecie sztuki<\/p>\n\n\n\n<p>Wymagania:<br><\/p>\n\n\n\n<p><br>Uczciwo\u015b\u0107 i pracowito\u015b\u0107<\/p>\n\n\n\n<p>prawo jazdy kat. B<br> \u015bmia\u0142o\u015b\u0107 i komunikatywno\u015b\u0107<br> poczucie humoru<br> kreatywno\u015b\u0107<br> dyspozycyjno\u015b\u0107<br> umiej\u0119tno\u015b\u0107 pracy w zespole<\/p>\n\n\n\n<p><br>mile widziane do\u015bwiadczenie w bran\u017cy oraz w prowadzeniu bus\u00f3w<\/p>\n\n\n\n<p>Zg\u0142oszenia wraz z CV oraz zdj\u0119ciem prosimy przes\u0142a\u0107 na adres: biuro@artenes.art .<\/p>\n\n\n\n<p><\/p>\n\n\n\n<p><\/p>\n","protected":false},"excerpt":{"rendered":"<p>Praca dla aktorek i aktor\u00f3wTeatr ARTENES poszukuje os\u00f3b z pasj\u0105 do aktorstwa, gotowych do udzia\u0142u w sezonowych spektaklach na terenie ca\u0142ego Polski. Oferujemy tw\u00f3rcz\u0105 i przyjazn\u0105 atmosfer\u0119 pracy, mo\u017cliwo\u015b\u0107 wymiany do\u015bwiadcze\u0144, rozw\u00f3j artystyczny oraz wsp\u00f3\u0142prac\u0119 Wymagania:\u2013 dobra dykcja\u2013 \u015bmia\u0142o\u015b\u0107 i komunikacja\u2013 poczucie humoru\u2013 pozytywne nastawienie\u2013 kreatywno\u015b\u0107 Osoby prosimy o przes\u0142anie CV, zdj\u0119cia oraz kr\u00f3tkiego opisu [&hellip;]<\/p>\n","protected":false},"author":1,"featured_media":0,"parent":0,"menu_order":0,"comment_status":"closed","ping_status":"closed","template":"","meta":{"om_disable_all_campaigns":false,"_monsterinsights_skip_tracking":false,"_monsterinsights_sitenote_active":false,"_monsterinsights_sitenote_note":"","_monsterinsights_sitenote_category":0,"footnotes":""},"class_list":["post-51","page","type-page","status-publish","hentry"],"aioseo_notices":[],"yoast_head":"<!-- This site is optimized with the Yoast SEO plugin v27.4 - https:\/\/yoast.com\/product\/yoast-seo-wordpress\/ -->\n<title>Praca - Teatr Artenes<\/title>\n<meta name=\"robots\" content=\"index, follow, max-snippet:-1, max-image-preview:large, max-video-preview:-1\" \/>\n<link rel=\"canonical\" href=\"https:\/\/teatrartenes.pl\/index.php\/praca\/\" \/>\n<meta property=\"og:locale\" content=\"pl_PL\" \/>\n<meta property=\"og:type\" content=\"article\" \/>\n<meta property=\"og:title\" content=\"Praca - Teatr Artenes\" \/>\n<meta property=\"og:description\" content=\"Praca dla aktorek i aktor\u00f3wTeatr ARTENES poszukuje os\u00f3b z pasj\u0105 do aktorstwa, gotowych do udzia\u0142u w sezonowych spektaklach na terenie ca\u0142ego Polski. Oferujemy tw\u00f3rcz\u0105 i przyjazn\u0105 atmosfer\u0119 pracy, mo\u017cliwo\u015b\u0107 wymiany do\u015bwiadcze\u0144, rozw\u00f3j artystyczny oraz wsp\u00f3\u0142prac\u0119 Wymagania:\u2013 dobra dykcja\u2013 \u015bmia\u0142o\u015b\u0107 i komunikacja\u2013 poczucie humoru\u2013 pozytywne nastawienie\u2013 kreatywno\u015b\u0107 Osoby prosimy o przes\u0142anie CV, zdj\u0119cia oraz kr\u00f3tkiego opisu [&hellip;]\" \/>\n<meta property=\"og:url\" content=\"https:\/\/teatrartenes.pl\/index.php\/praca\/\" \/>\n<meta property=\"og:site_name\" content=\"Teatr Artenes\" \/>\n<meta property=\"article:publisher\" content=\"https:\/\/www.facebook.com\/profile.php?id=100006721217692\" \/>\n<meta property=\"article:modified_time\" content=\"2024-09-15T21:28:54+00:00\" \/>\n<meta name=\"twitter:card\" content=\"summary_large_image\" \/>\n<meta name=\"twitter:label1\" content=\"Szacowany czas czytania\" \/>\n\t<meta name=\"twitter:data1\" content=\"1 minuta\" \/>\n<script type=\"application\/ld+json\" class=\"yoast-schema-graph\">{\"@context\":\"https:\\\/\\\/schema.org\",\"@graph\":[{\"@type\":\"WebPage\",\"@id\":\"https:\\\/\\\/teatrartenes.pl\\\/index.php\\\/praca\\\/\",\"url\":\"https:\\\/\\\/teatrartenes.pl\\\/index.php\\\/praca\\\/\",\"name\":\"Praca - Teatr Artenes\",\"isPartOf\":{\"@id\":\"https:\\\/\\\/teatrartenes.pl\\\/#website\"},\"datePublished\":\"2024-09-15T20:48:14+00:00\",\"dateModified\":\"2024-09-15T21:28:54+00:00\",\"breadcrumb\":{\"@id\":\"https:\\\/\\\/teatrartenes.pl\\\/index.php\\\/praca\\\/#breadcrumb\"},\"inLanguage\":\"pl-PL\",\"potentialAction\":[{\"@type\":\"ReadAction\",\"target\":[\"https:\\\/\\\/teatrartenes.pl\\\/index.php\\\/praca\\\/\"]}]},{\"@type\":\"BreadcrumbList\",\"@id\":\"https:\\\/\\\/teatrartenes.pl\\\/index.php\\\/praca\\\/#breadcrumb\",\"itemListElement\":[{\"@type\":\"ListItem\",\"position\":1,\"name\":\"Strona g\u0142\u00f3wna\",\"item\":\"https:\\\/\\\/teatrartenes.pl\\\/\"},{\"@type\":\"ListItem\",\"position\":2,\"name\":\"Praca\"}]},{\"@type\":\"WebSite\",\"@id\":\"https:\\\/\\\/teatrartenes.pl\\\/#website\",\"url\":\"https:\\\/\\\/teatrartenes.pl\\\/\",\"name\":\"Teatr Artenes\",\"description\":\"Wroc\u0142awski Teatr Artenes\",\"publisher\":{\"@id\":\"https:\\\/\\\/teatrartenes.pl\\\/#organization\"},\"potentialAction\":[{\"@type\":\"SearchAction\",\"target\":{\"@type\":\"EntryPoint\",\"urlTemplate\":\"https:\\\/\\\/teatrartenes.pl\\\/?s={search_term_string}\"},\"query-input\":{\"@type\":\"PropertyValueSpecification\",\"valueRequired\":true,\"valueName\":\"search_term_string\"}}],\"inLanguage\":\"pl-PL\"},{\"@type\":\"Organization\",\"@id\":\"https:\\\/\\\/teatrartenes.pl\\\/#organization\",\"name\":\"Teatr Artenes - Wroc\u0142awski Teatr Artenes\",\"url\":\"https:\\\/\\\/teatrartenes.pl\\\/\",\"logo\":{\"@type\":\"ImageObject\",\"inLanguage\":\"pl-PL\",\"@id\":\"https:\\\/\\\/teatrartenes.pl\\\/#\\\/schema\\\/logo\\\/image\\\/\",\"url\":\"https:\\\/\\\/teatrartenes.pl\\\/wp-content\\\/uploads\\\/2024\\\/09\\\/images.jpg\",\"contentUrl\":\"https:\\\/\\\/teatrartenes.pl\\\/wp-content\\\/uploads\\\/2024\\\/09\\\/images.jpg\",\"width\":225,\"height\":225,\"caption\":\"Teatr Artenes - Wroc\u0142awski Teatr Artenes\"},\"image\":{\"@id\":\"https:\\\/\\\/teatrartenes.pl\\\/#\\\/schema\\\/logo\\\/image\\\/\"},\"sameAs\":[\"https:\\\/\\\/www.facebook.com\\\/profile.php?id=100006721217692\"]}]}<\/script>\n<!-- \/ Yoast SEO plugin. -->","yoast_head_json":{"title":"Praca - Teatr Artenes","robots":{"index":"index","follow":"follow","max-snippet":"max-snippet:-1","max-image-preview":"max-image-preview:large","max-video-preview":"max-video-preview:-1"},"canonical":"https:\/\/teatrartenes.pl\/index.php\/praca\/","og_locale":"pl_PL","og_type":"article","og_title":"Praca - Teatr Artenes","og_description":"Praca dla aktorek i aktor\u00f3wTeatr ARTENES poszukuje os\u00f3b z pasj\u0105 do aktorstwa, gotowych do udzia\u0142u w sezonowych spektaklach na terenie ca\u0142ego Polski. Oferujemy tw\u00f3rcz\u0105 i przyjazn\u0105 atmosfer\u0119 pracy, mo\u017cliwo\u015b\u0107 wymiany do\u015bwiadcze\u0144, rozw\u00f3j artystyczny oraz wsp\u00f3\u0142prac\u0119 Wymagania:\u2013 dobra dykcja\u2013 \u015bmia\u0142o\u015b\u0107 i komunikacja\u2013 poczucie humoru\u2013 pozytywne nastawienie\u2013 kreatywno\u015b\u0107 Osoby prosimy o przes\u0142anie CV, zdj\u0119cia oraz kr\u00f3tkiego opisu [&hellip;]","og_url":"https:\/\/teatrartenes.pl\/index.php\/praca\/","og_site_name":"Teatr Artenes","article_publisher":"https:\/\/www.facebook.com\/profile.php?id=100006721217692","article_modified_time":"2024-09-15T21:28:54+00:00","twitter_card":"summary_large_image","twitter_misc":{"Szacowany czas czytania":"1 minuta"},"schema":{"@context":"https:\/\/schema.org","@graph":[{"@type":"WebPage","@id":"https:\/\/teatrartenes.pl\/index.php\/praca\/","url":"https:\/\/teatrartenes.pl\/index.php\/praca\/","name":"Praca - Teatr Artenes","isPartOf":{"@id":"https:\/\/teatrartenes.pl\/#website"},"datePublished":"2024-09-15T20:48:14+00:00","dateModified":"2024-09-15T21:28:54+00:00","breadcrumb":{"@id":"https:\/\/teatrartenes.pl\/index.php\/praca\/#breadcrumb"},"inLanguage":"pl-PL","potentialAction":[{"@type":"ReadAction","target":["https:\/\/teatrartenes.pl\/index.php\/praca\/"]}]},{"@type":"BreadcrumbList","@id":"https:\/\/teatrartenes.pl\/index.php\/praca\/#breadcrumb","itemListElement":[{"@type":"ListItem","position":1,"name":"Strona g\u0142\u00f3wna","item":"https:\/\/teatrartenes.pl\/"},{"@type":"ListItem","position":2,"name":"Praca"}]},{"@type":"WebSite","@id":"https:\/\/teatrartenes.pl\/#website","url":"https:\/\/teatrartenes.pl\/","name":"Teatr Artenes","description":"Wroc\u0142awski Teatr Artenes","publisher":{"@id":"https:\/\/teatrartenes.pl\/#organization"},"potentialAction":[{"@type":"SearchAction","target":{"@type":"EntryPoint","urlTemplate":"https:\/\/teatrartenes.pl\/?s={search_term_string}"},"query-input":{"@type":"PropertyValueSpecification","valueRequired":true,"valueName":"search_term_string"}}],"inLanguage":"pl-PL"},{"@type":"Organization","@id":"https:\/\/teatrartenes.pl\/#organization","name":"Teatr Artenes - Wroc\u0142awski Teatr Artenes","url":"https:\/\/teatrartenes.pl\/","logo":{"@type":"ImageObject","inLanguage":"pl-PL","@id":"https:\/\/teatrartenes.pl\/#\/schema\/logo\/image\/","url":"https:\/\/teatrartenes.pl\/wp-content\/uploads\/2024\/09\/images.jpg","contentUrl":"https:\/\/teatrartenes.pl\/wp-content\/uploads\/2024\/09\/images.jpg","width":225,"height":225,"caption":"Teatr Artenes - Wroc\u0142awski Teatr Artenes"},"image":{"@id":"https:\/\/teatrartenes.pl\/#\/schema\/logo\/image\/"},"sameAs":["https:\/\/www.facebook.com\/profile.php?id=100006721217692"]}]}},"_links":{"self":[{"href":"https:\/\/teatrartenes.pl\/index.php\/wp-json\/wp\/v2\/pages\/51","targetHints":{"allow":["GET"]}}],"collection":[{"href":"https:\/\/teatrartenes.pl\/index.php\/wp-json\/wp\/v2\/pages"}],"about":[{"href":"https:\/\/teatrartenes.pl\/index.php\/wp-json\/wp\/v2\/types\/page"}],"author":[{"embeddable":true,"href":"https:\/\/teatrartenes.pl\/index.php\/wp-json\/wp\/v2\/users\/1"}],"replies":[{"embeddable":true,"href":"https:\/\/teatrartenes.pl\/index.php\/wp-json\/wp\/v2\/comments?post=51"}],"version-history":[{"count":4,"href":"https:\/\/teatrartenes.pl\/index.php\/wp-json\/wp\/v2\/pages\/51\/revisions"}],"predecessor-version":[{"id":73,"href":"https:\/\/teatrartenes.pl\/index.php\/wp-json\/wp\/v2\/pages\/51\/revisions\/73"}],"wp:attachment":[{"href":"https:\/\/teatrartenes.pl\/index.php\/wp-json\/wp\/v2\/media?parent=51"}],"curies":[{"name":"wp","href":"https:\/\/api.w.org\/{rel}","templated":true}]}}